is divided by 45?
10
Calculate the remainder when 24272 is divided by 11.
6
What is the remainder when 1029 is divided by 117?
93
Calculate the remainder when 101067 is divided by 20212.
7
Calculate the remainder when 669776 is divided by 122.
118
What is the remainder when 2157 is divided by 136?
117
What is the remainder when 498 is divided by 127?
117
Calculate the remainder when 6828 is divided by 5637.
1191
What is the remainder when 19417 is divided by 571?
3
Calculate the remainder when 100170 is divided by 53.
0
Calculate the remainder when 1407031 is divided by 127.
125
Calculate the remainder when 8734 is divided by 1090.
14
Calculate the remainder when 46502 is divided by 23243.
16
What is the remainder when 102087 is divided by 7851?
24
Calculate the remainder when 1071158 is divided by 8.
6
What is the remainder when 15004 is divided by 516?
40
Calculate the remainder when 6559 is divided by 156.
7
What is the remainder when 3502 is divided by 400?
302
Calculate the remainder when 787639 is divided by 194.
193
What is the remainder when 645708 is divided by 15374?
0
Calculate the remainder when 244739 is divided by 158.
155
What is the remainder when 7381 is divided by 7364?
17
What is the remainder when 269339 is divided by 363?
356
Calculate the remainder when 3848 is divided by 146.
52
What is the remainder when 949179 is divided by 16?
11
Calculate the remainder when 238895 is divided by 237.
236
What is the remainder when 8721 is divided by 610?
181
What is the remainder when 210866 is divided by 11098?
4
Calculate the remainder when 15297 is divided by 395.
287
What is the remainder when 50910 is divided by 20?
10
Calculate the remainder when 76277 is divided by 25406.
59
What is the remainder when 9124 is divided by 44?
16
Calculate the remainder when 50473 is divided by 25.
23
Calculate the remainder when 3993 is divided by 63.
24
Calculate the remainder when 7680 is divided by 3800.
80
What is the remainder when 112149 is divided by 33?
15
What is the remainder when 181 is divided by 34?
11
What is the remainder when 9542 is divided by 562?
550
Calculate the remainder when 26578 is divided by 7.
6
What is the remainder when 5445 is divided by 1279?
329
Calculate the remainder when 6243 is divided by 347.
344
Calculate the remainder when 11361 is divided by 1129.
71
What is the remainder when 2571 is divided by 67?
25
What is the remainder when 6487 is divided by 107?
67
What is the remainder when 1246116 is divided by 147?
144
What is the remainder when 98770 is divided by 42?
28
What is the remainder when 1352388 is divided by 13?
11
What is the remainder when 75888 is divided by 1117?
1049
What is the remainder when 53436 is divided by 53411?
25
What is the remainder when 261772 is divided by 119?
91
What is the remainder when 5784 is divided by 38?
8
What is the remainder when 193166 is divided by 23?
12
Calculate the remainder when 811 is divided by 776.
35
What is the remainder when 3096 is divided by 493?
138
Calculate the remainder when 12222 is divided by 508.
30
What is the remainder when 11340 is divided by 366?
360
What is the remainder when 111981 is divided by 37272?
165
What is the remainder when 10287 is divided by 4?
3
What is the remainder when 7723 is divided by 3856?
11
What is the remainder when 12237931 is divided by 613?
612
What is the remainder when 341 is divided by 36?
17
Calculate the remainder when 1394 is divided by 351.
341
What is the remainder when 45762 is divided by 4572?
42
Calculate the remainder when 1112 is divided by 65.
7
Calculate the remainder when 7950 is divided by 660.
30
What is the remainder when 211605 is divided by 70?
65
Calculate the remainder when 211160 is divided by 16.
8
What is the remainder when 9450 is divided by 1040?
90
What is the remainder when 4016 is divided by 15?
11
Calculate the remainder when 125606 is divided by 4.
2
Calculate the remainder when 8046 is divided by 729.
27
What is the remainder when 3761 is divided by 92?
81
Calculate the remainder when 4322 is divided by 35.
17
Calculate the remainder when 2236 is divided by 41.
22
What is the remainder when 10039 is divided by 205?
199
What is the remainder when 501948 is divided by 25?
23
Calculate the remainder when 588 is divided by 467.
121
What is the remainder when 72426 is divided by 238?
74
Calculate the remainder when 13265 is divided by 40.
25
What is the remainder when 252 is divided by 30?
12
Calculate the remainder when 750812 is divided by 198.
194
What is the remainder when 602820 is divided by 34?
0
What is the remainder when 25596 is divided by 132?
120
What is the remainder when 29640 is divided by 1097?
21
What is the remainder when 2050 is divided by 675?
25
Calculate the remainder when 6111 is divided by 508.
15
What is the remainder when 897294 is divided by 38?
0
What is the remainder when 17016 is divided by 25?
16
What is the remainder when 6442 is divided by 217?
149
What is the remainder when 4747 is divided by 250?
247
Calculate the remainder when 91277 is divided by 1141.
1138
Calculate the remainder when 2661 is divided by 5.
1
What is the remainder when 8483 is divided by 156?
59
What is the remainder when 17566 is divided by 4374?
70
Calculate the remainder when 4599 is divided by 1523.
30
Calculate the remainder when 96069 is divided by 26.
25
What is the remainder when 12041 is divided by 3926?
263
What is the remainder when 5274 is divided by 5246?
28
What is the remainder when 103791 is divided by 63?
30
Calculate the remainder when 23578 is divided by 2942.
42
What is the remainder when 21176 is divided by 275?
1
What is the remainder when 1768 is divided by 117?
13
What is the remainder when 15796 is divided by 588?
508
Calculate the remainder when 973168 is divided by 12.
4
What is the remainder when 49250 is divided by 125?
0
Calculate the remainder when 10991 is divided by 100.
91
What is the remainder when 754 is divided by 34?
6
What is the remainder when 54990 is divided by 214?
206
What is the remainder when 7487 is divided by 682?
667
What is the remainder when 8838788 is divided by 59?
57
What is the remainder when 6711 is divided by 1515?
651
What is the remainder when 28132 is divided by 46?
26
What is the remainder when 69968 is divided by 81?
65
Calculate the remainder when 63002 is divided by 1210.
82
Calculate the remainder when 29835 is divided by 1561.
176
What is the remainder when 6270 is divided by 197?
163
What is the remainder when 1437 is divided by 1008?
429
Calculate the remainder when 7371 is divided by 135.
81
Calculate the remainder when 14407 is divided by 7152.
103
Calculate the remainder when 7472 is divided by 256.
48
Calculate the remainder when 334 is divided by 232.
102
Calculate the remainder when 9696 is divided by 302.
32
What is the remainder when 106674 is divided by 148?
114
What is the remainder when 1091 is divided by 492?
107
What is the remainder when 14828 is divided by 280?
268
Calculate the remainder when 93522 is divided by 202.
198
Calculate the remainder when 3313 is divided by 356.
109
Calculate the remainder when 19314 is divided by 1797.
1344
What is the remainder when 101322 is divided by 84?
18
Calculate the remainder when 562496 is divided by 16071.
11
What is the remainder when 19202 is divided by 97?
93
What is the remainder when 11278 is divided by 536?
22
What is the remainder when 87353 is divided by 210?
203
Calculate the remainder when 16822 is divided by 3364.
2
What is the remainder when 3493875 is divided by 130?
125
What is the remainder when 2882 is divided by 152?
146
Calculate the remainder when 2334 is divided by 35.
24
What is the remainder when 60712 is divided by 17?
5
What is the remainder when 9966 is divided by 28?
26
Calculate the remainder when 82967 is divided by 210.
17
What is the remainder when 6173 is divided by 799?
580
Calculate the remainder when 4039 is divided by 942.
271
Calculate the remainder when 444054 is divided by 94.
92
Calculate the remainder when 67106 is divided by 46.
38
What is the remainder when 60390 is divided by 47?
42
What is the remainder when 1314498 is divided by 41?
38
What is the remainder when 27753 is divided by 27?
24
Calculate the remainder when 